 of 31067 and 47?
47
Calculate the greatest common factor of 297 and 11.
11
Calculate the highest common divisor of 72 and 4488.
24
What is the greatest common divisor of 1026 and 54?
54
What is the highest common factor of 3950 and 158?
158
What is the highest common divisor of 1424 and 16?
16
What is the greatest common factor of 3080 and 110?
110
What is the greatest common factor of 24 and 24?
24
What is the highest common factor of 1875 and 6?
3
Calculate the highest common factor of 35632 and 68.
68
What is the greatest common factor of 392 and 616?
56
What is the greatest common factor of 6893 and 244?
61
What is the highest common divisor of 260 and 7904?
52
What is the highest common factor of 45 and 54?
9
What is the greatest common factor of 31 and 3193?
31
Calculate the highest common factor of 72 and 180.
36
Calculate the highest common factor of 126 and 518.
14
Calculate the highest common factor of 280 and 504.
56
Calculate the greatest common factor of 6960 and 60.
60
Calculate the highest common factor of 1120 and 1232.
112
Calculate the highest common divisor of 182 and 104.
26
What is the greatest common factor of 387 and 54?
9
Calculate the greatest common factor of 229 and 23129.
229
What is the highest common divisor of 88 and 55?
11
What is the highest common divisor of 2146 and 74?
74
What is the highest common divisor of 110 and 80?
10
What is the greatest common factor of 2054 and 104?
26
Calculate the greatest common divisor of 158 and 553.
79
What is the greatest common factor of 12 and 21?
3
Calculate the greatest common divisor of 3346 and 14.
14
What is the greatest common divisor of 244 and 16?
4
What is the highest common factor of 4 and 15852?
4
What is the highest common factor of 2924 and 172?
172
Calculate the highest common divisor of 441 and 49.
49
Calculate the highest common divisor of 6 and 150.
6
Calculate the greatest common factor of 40 and 25.
5
What is the greatest common factor of 18 and 882?
18
What is the greatest common divisor of 55 and 18689?
11
What is the greatest common factor of 4 and 36?
4
Calculate the highest common factor of 49 and 14.
7
What is the highest common divisor of 4416 and 69?
69
Calculate the highest common factor of 6 and 10.
2
What is the highest common factor of 110 and 2365?
55
What is the highest common factor of 7 and 413?
7
What is the greatest common divisor of 608 and 114?
38
Calculate the greatest common divisor of 3498 and 198.
66
Calculate the greatest common divisor of 2410 and 20.
10
Calculate the highest common divisor of 798 and 24.
6
Calculate the highest common factor of 30 and 52.
2
What is the highest common factor of 96 and 792?
24
Calculate the highest common factor of 1 and 5791.
1
Calculate the greatest common factor of 51 and 37179.
51
What is the highest common factor of 7857 and 81?
81
Calculate the greatest common divisor of 15 and 990.
15
What is the highest common factor of 88 and 22?
22
Calculate the greatest common factor of 120 and 90.
30
Calculate the highest common divisor of 1236 and 3.
3
What is the greatest common factor of 35 and 6685?
35
Calculate the highest common factor of 25648 and 84.
28
Calculate the greatest common factor of 22 and 10538.
22
What is the highest common factor of 5 and 755?
5
Calculate the greatest common factor of 81 and 3.
3
Calculate the highest common factor of 56 and 1008.
56
Calculate the greatest common divisor of 404 and 100.
4
Calculate the highest common divisor of 536 and 2546.
134
Calculate the highest common divisor of 98 and 2646.
98
What is the greatest common divisor of 9 and 1395?
9
Calculate the greatest common divisor of 124 and 310.
62
What is the greatest common factor of 22 and 418?
22
What is the highest common factor of 22201 and 149?
149
What is the highest common divisor of 629 and 51?
17
Calculate the greatest common divisor of 56 and 294.
14
Calculate the highest common factor of 108 and 36.
36
What is the greatest common divisor of 3720 and 1230?
30
What is the highest common factor of 1691 and 267?
89
Calculate the greatest common divisor of 112 and 161.
7
Calculate the highest common factor of 280 and 1610.
70
Calculate the greatest common factor of 24 and 48.
24
What is the highest common factor of 4104 and 4446?
342
Calculate the greatest common divisor of 58 and 1189.
29
What is the greatest common divisor of 21 and 81?
3
Calculate the highest common factor of 7 and 52.
1
Calculate the greatest common factor of 315 and 180.
45
What is the greatest common factor of 693 and 77?
77
What is the greatest common factor of 1159 and 76?
19
What is the highest common divisor of 125 and 675?
25
Calculate the highest common divisor of 1024 and 16.
16
What is the greatest common divisor of 738 and 72?
18
Calculate the greatest common divisor of 51 and 663.
51
What is the highest common factor of 102 and 374?
34
What is the highest common divisor of 78 and 18?
6
What is the highest common divisor of 2379 and 61?
61
Calculate the highest common divisor of 25 and 25.
25
Calculate the highest common divisor of 40 and 13110.
10
Calculate the greatest common divisor of 14650 and 50.
50
Calculate the highest common divisor of 85028 and 116.
116
Calculate the greatest common factor of 162 and 45.
9
What is the highest common factor of 40 and 8?
8
What is the greatest common divisor of 25 and 1475?
25
Calculate the greatest common divisor of 69 and 2760.
69
What is the highest common factor of 290 and 348?
58
What is the greatest common factor of 15 and 95?
5
Calculate the greatest common divisor of 3699 and 18.
9
Calculate the greatest common factor of 90 and 720.
90
Calculate the greatest common divisor of 1064 and 168.
56
What is the highest common divisor of 133 and 91?
7
What is the highest common divisor of 1547 and 884?
221
Calculate the highest common factor of 338 and 624.
26
What is the highest common divisor of 26754 and 78?
78
What is the highest common divisor of 6254 and 106?
106
What is the highest common factor of 4 and 239?
1
Calculate the greatest common divisor of 3645 and 162.
81
Calculate the greatest common divisor of 728 and 234.
26
What is the highest common divisor of 38 and 18658?
38
Calculate the highest common divisor of 1786 and 19.
19
What is the greatest common factor of 33 and 90?
3
Calculate the highest common factor of 34 and 68.
34
What is the highest common divisor of 2032 and 32?
16
Calculate the highest common divisor of 1620 and 240.
60
What is the greatest common factor of 8483 and 2994?
499
What is the highest common divisor of 6969 and 138?
69
What is the highest common divisor of 73 and 73?
73
What is the greatest common divisor of 154 and 105?
7
Calculate the greatest common factor of 93 and 1550.
31
What is the highest common divisor of 39 and 741?
39
What is the greatest common divisor of 8 and 1128?
8
What is the greatest common factor of 119 and 68?
17
Calculate the highest common factor of 119 and 7.
7
What is the greatest common factor of 180 and 378?
18
Calculate the greatest common factor of 16 and 7984.
16
Calculate the greatest common factor of 1110 and 60.
30
What is the highest common factor of 156 and 708?
12
What is the greatest common factor of 22 and 1507?
11
Calculate the highest common factor of 24460 and 20.
20
What is the greatest common divisor of 14 and 1442?
14
What is the greatest common divisor of 3 and 58?
1
What is the greatest common factor of 265 and 159?
53
What is the highest common divisor of 232 and 216?
8
What is the highest common divisor of 588 and 1029?
147
Calculate the highest common divisor of 45 and 9.
9
Calculate the greatest common divisor of 899 and 551.
29
What is the greatest common factor of 1860 and 15?
15
Calculate the highest common factor of 1 and 79.
1
Calculate the greatest common divisor of 3991 and 13.
13
What is the highest common factor of 131 and 30523?
131
What is the greatest common divisor of 57 and 304?
19
Calculate the highest common divisor of 88 and 1166.
22
Calculate the highest common divisor of 2076 and 9.
3
What is the highest common factor of 6 and 3?
3
What is the greatest common factor of 27 and 4590?
27
What is the highest common factor of 288 and 264?
24
Calculate the greatest 